-14)) + 8 + -2 + -1
8
Calculate -6 - 11 - (-24 - -49 - 24).
-18
What is the value of 4 - (-32 + 36 + -1 + -6) - 17?
-10
Calculate -6 + 1 - (29 - (20 - 8)).
-22
What is the value of (3 - (10 - 8)) + -2 + 11?
10
What is -18 + 39 + -7 + -2?
12
What is the value of -12 + -1 + -1 + 24?
10
Evaluate -3 - (-12 + 3) - (-1 + (23 - 2)).
-14
What is -5 + 7 + (0 - -6) + (-11 - -36)?
33
What is the value of -3 + -8 + (-20 - -16) - (-3 + 0)?
-12
Evaluate 2 - (-2 - (-7 - (4 + -6) - -1)).
0
What is 8 + (-2 - 2) + -23?
-19
1 - (20 + -33 + 6 + 12)
-4
What is the value of -17 + 38 + 1 - (20 - 1)?
3
Calculate -1 + -15 - 2 - -16.
-2
Calculate -19 - -25 - (4 + -14 + -3 + -2).
21
Evaluate 235 - 210 - (-2 - -19).
8
Calculate (-3 - (-11 - (-8 - -7))) + -13.
-6
What is the value of -2 + 2 + 1 + -6 + (16 - 18)?
-7
What is the value of 15 + (1 - 0) + (-3 - 5)?
8
0 - 12 - (-29 + -11 - -30)
-2
Evaluate -2394 + 2426 + (-17 - 0).
15
10 - 14 - (-4 + (-8 - (-7 - -2)))
3
What is the value of -16 + (34 + -13 - 22)?
-17
Calculate 2 + -2 + 4 + -11 + (-3 - 1).
-11
Calculate (11 - 0) + (-48 - (-6 - 6)).
-25
What is -8 + -13 + (6 - 12 - 7) + 2?
-32
Calculate -26 + 1 + (-13 - (-26 + 13 + 9)).
-34
What is the value of -4 + 12 + -11 + 22?
19
What is the value of -12 - -17 - (6 + -1 + -2)?
2
What is 29 + -11 + -11 - -6 - -2?
15
What is the value of 15 + (-1 - 24 - -19)?
9
What is the value of (6 - (6 + -7) - 2) + -10 + 2?
-3
13 + 6 + (3 - (31 - 13))
4
Evaluate -297 - -302 - (-1 - -3).
3
What is the value of 34 + -1 - (-6 + -7 + 24)?
22
What is -5 + (20 - 17) + (8 - 0) - 22?
-16
Calculate 10 + -17 + (4 - 5 - -4) - -9.
5
What is (-74 - (-142 - -72)) + 21 + -1?
16
Calculate 86 + -77 + 4 + -2 + -1 - 35.
-25
Calculate -6 + 5 - (7 + -11 + 7).
-4
Calculate (-14 - 23 - -8) + 15.
-14
0 - (-7 + 0 + (3 - -5))
-1
(-1 - (13 - 40)) + -2 + 7 + 0
31
What is the value of 1 - -25 - (24 - 65 - -57)?
10
What is -40 - -58 - (18 + 1)?
-1
Calculate (-34 - ((-12 - -17) + 2)) + (2 - -2).
-37
What is the value of -1 - ((-18 - -2) + 151 + -143)?
7
Calculate -11 + -6 + -10 + 11.
-16
What is the value of (-6 - 1) + (4 - -8 - (1 + 1))?
3
Evaluate -21 + 3 + -7 + 35.
10
What is the value of 10 + (-2 - 19) + -1 + 7 - 8?
-13
Evaluate 14 + -16 + 8 + 6.
12
What is 35 + (-17 - (-12 - -8))?
22
Evaluate 5 + -1 + -3 + 2 + -6.
-3
Calculate (26 - (30 + -9)) + (-3 - 0).
2
What is the value of 2 - (1 + -4 - -9) - -7?
3
Evaluate -5 + (3 - (23 - 21 - (1 - 6))).
-9
Calculate 8 + 4 + -9 + 0 + -1 + 9.
11
Calculate ((11 - 5) + -1 - 15) + 0 + 6.
-4
What is the value of (-3 - 5) + (17 - -3) - -5?
17
What is (6 + -15 - (5 + -22)) + 0 + 3?
11
Evaluate -47 + (-10 - -62) + (8 - -2).
15
Calculate 23 + (-12 - -1) - -1 - 2.
11
What is -29 + 17 + 17 + -19?
-14
Calculate -6 + (10 - 9) + -4 - 11.
-20
Calculate (16 - 0) + 17 + -16 + -11.
6
-8 - (-9 - ((-23 - -21) + (-4 - 0)))
-5
Calculate 11 - (6 + -5 + -8 + 22 + -12).
8
-602 + 584 + -11 + -2
-31
Evaluate 19 + -22 + (-12 + -1 - -4).
-12
Calculate -14 - -44 - 10 - 11.
9
What is the value of -3 - (8 + -7) - 9?
-13
What is the value of -42 + 35 - -3 - (1 - -1 - 11)?
5
-7 + 7 + (-22 - -7) + 6
-9
What is the value of -19 + (-10 - -13) + -10 - -7?
-19
What is 55 - (77 - (33 + 8))?
19
What is the value of 8 + (-10 - 2 - -2 - -3)?
1
What is the value of -6 + (20 - (-5 - (-8 - (5 + -17))))?
23
1 + 12 + 339 + -360 - -30
22
What is 0 + -40 + 1150 + -1144?
-34
What is -11 - (22 + 2 - 33)?
-2
What is -9 + 12 + 5 + -1 + -6 + 9?
10
3 + -10 + 17 - (0 + -6 - -5)
11
What is the value of -12 + (11 - 12 - 8)?
-21
Calculate -17 + (15 - 19) - -10.
-11
What is (-1 + 13 - (2 - -7)) + (1 - -5)?
9
What is the value of -7 + (13 - 4) + -6 + 7 + -1?
2
0 - 6 - -3 - (-6 + 1 - 2)
4
What is the value of 23 + (-20 - (-23 - -6))?
20
What is (7 - (-20 - -6)) + -27?
-6
Calculate 36 + (-3 - 17) + -14 - 2.
0
Calculate (-2 - 3) + 10 + 10 + -3.
12
(6 - 11) + 0 + -3 - (27 - 14)
-21
What is 1 - (4 + -2) - (-21 + 16 - 5)?
9
Evaluate -3 + (79 - 19) + -31.
26
Evaluate -18 - (30 + (-96 - -32)).
16
(2 - 11 - 1) + 0
-10
What is -13 + (-10 - -11) + 21?
9
What is the value of (11 + -12 + -10 - -2) + 9?
0
Evaluate (-13 + 17 - 0) + (-3 - (-4 + 6)).
-1
Evaluate -21 - (-54 + 33) - (-3 + -1).
4
41 + (-22 - (-11 + 5))
25
Evaluate -65 + 83 - (19 - -18).
-19
What is (-23 + 15 - -18) + (8 - 17)?
1
-7 + 3 + (4 - -5) + -10
-5
What is ((-21 - -27) + -6 + -2 - -2) + 5?
5
What is the value of (-149 - -124) + (30 - 1) + 23 + 1?
28
What is the value of (41 - 36) + 10 + -1 + -1?
13
Evaluate 17 + (-28 - (4 - 11)).
-4
Calculate ((2 - 2) + -7 - 1) + 4 + -5.
-9
What is the value of 4 + (2 - 1 - -3) + (-6 - -1)?
3
23 - (-9 - (-39 - -18))
11
Calculate 1 + -8 + (1 - -3) + 30.
27
-18 + (16 - (-6 - -19))
-15
What is the value of (-10 - -4) + (-4 - -16) + -3?
3
Calculate -2 + 8 - (529 + -509).
-14
What is 7 + -3 + 8 + 1?
13
What is -17 - (-1 - 1) - (-80 - -76)?
-11
Calculate 13 + (-13 - (1 + -7 + -2)).
8
What is the value of -4 + (-12 - -10) + 2 + -7?
-11
Calculate -7 - (-1 + -7 + 13 + (6 - 5)).
-13
Calculate (1 - 3) + -12 + 10 + 1.
-3
What is the value of 1 + 3 + (-1 - (11 - 9))?
1
(4 - 12) + 16 - ((-3 - 1) + 0)
12
(16 + -6 - 13) + (-11 - 1)
-15
(-3 - 0 - -3) + 16 + -13 - -4
7
17 - (-17 + -2 + 26)
10
What is -7 + (79 - 38) - 19?
15
4 - 3 - -2 - (21 + -34)
16
Evaluate 13 + -43 + 29 - (2 + 23).
-26
Calculate (9 - 2) + (49 - 61) - 5.
-10
What is the value of 15 - (4 + 1) - (-8 + -1)?
19
5 + (-13 + 10 + -14 - 4)
-16
What is the value of 12 - ((6 - 12 - -4) + 29)?
-15
What is the value of (4 - -1) + 91 + (-143 - -34)?
-13
(14 - 15) + (3 - 0) + (-14 - -2)
-10
What is the value of -46 - (5 + (-1 + -26 - -7))?
-31
Calculate 1 - -3 - (15 + 15 - 22) - 4.
-8
What is (-10 - (-7 + (28 - 11))) + 8?
-12
Evaluate 3 + -1 + (161 - 176).
-13
What is the value of -103 - -95 - (0 + (-2 - 0))?
-6
21 + (20 - 11 - 25)
5
What is 4 + -6 + -3 - 7?
-12
Calculate -17 - (-45 - (-35 + 26)).
19
(-24 - (-21 + 17)) + 6 + 9
-5
What is (52 - 17) + (-41 - -20)?
14
What is -36 - (-10 + -3 + -6)?
-17
Evaluate 5 - 0 - 0 - -7 - (2 - 1).
11
Evaluate 10 + (-19 + -9 - -14).
-4
Evaluate (-2 - 0 - 2 - 4 - -10) + 0.
2
What is -3 - (9 - 3) - -8?
-1
What is 1 - (-14 + 7 + 5)?
3
Evaluate 7 - (19 + -7) - (-8 + -1).
4
2 - (-35 - -44 - (1 + 0 + 0))
-6
Calculate -2 - (9 + -2 + -5 + 23 + -32).
5
3 - (9 + -1 + -12 + -6)
13
Evaluate (10 + 29 - -5) + -24.
20
What is the value of 4 - 11 - -7 - (1 + 4)?
-5
What is the value of -239 + 247 - (3 + (-1 - (-1 - -2)))?
7
Calculate (0 - 2) + (3 - -4 - 5) - -2.
2
Calculate -7 - ((-36 - (0 + -18)) + -1 + -5).
17
(-2 - 17) + 13 + 0 + -3
-9
What is -14 - (-9 - (-18 + 35))?
12
Evaluate -3 - 3 - -1 - (-46 + (13 - -39)).
-11
What is 11 + 18 + -32 + (7 - -1) + 24?
29
3 + 17 - (-4 - (-3 - 7 - 2))
12
Calculate 0 + 1 + -4 + -7 + 23.
13
Calculate -11 - (5 + 0) - (48 - 52).
-12
2 + 6 - (-5 + 13 + -16)
16
What is the value of -165 - -180 - (16 + -2)?
1
What is -9 - (-2 + (-8 - -14) + -3)?
-10
What is the value of 14 - (12 + -21 + 21) - (2 + 0)?
0
Evaluate -2 + (-10 - -6) + 7 - (1 + 8).
-8
-11 + 9 + (-9 + 2 - 1)
-10
Evaluate 18 + (-16 + 1 - -10 - -1).
14
Calculate 10 + -13 + -1 + (-17 - -45).
24
What is 50 + -22 - (16 + -3)?
15
What is 0 + -6 + (232 - 195)?
31
Calculate -2 - (8 + -38 - -10).
18
-8 + -7 + 15 + 7 - -2
9
Evaluate 4 + 1 - (-1 - 4) - 7 - -5.
8
What is (3 - 26) + (-10 - (-17 + 14 + -19))?
-11
What is 31 + -32 + 9 - 33?
-25
Calculate (0 - -3 - 0) + 3 + -16.
-10
Evaluate (20 - (24 - 11)) + -14.
-7
(-9 - -15) + -10 + -4 + 0 + 11
3
What is the value of (4 + -5 - -16) + -4 + (-11 - -11)?
11
(-7 - -5 - -3) + (18 - 10)
9
Evaluate -21 - (6 - 15) - -1.
-11
What is the value of -2 - (-5 + 14 + 4)?
-15
What is -36 - -42 - (0 + (20 - 1) + 2)?
-15
-21 + 9 + 9 - (5 - -1)
-9
What is 18 - 46 - -1 - -3?
-24
Evaluate -36 + 41 - (1 - 0 - 6).
10
What is (4 - 5 - 5) + 7 + 0 - 9?
-8
What is -4 - (-3 - 11) - 12?
-2
7 + (29 - (43 + -18))
11
Evaluate 18 + (0 - -1 - -7) + -9 + -9.
8
Calculate -12 + (11 + -16 + 9 - -13) + 6.
11
Evaluate 8 + (5 - (12 + -6)).
7
Evaluate -10 + 41 - (-33 - -83).
-19
Evaluate 16 - 1 - (-21 - 11 - -45).
2
What is (-8 - -16) + -4 - ((-8 - -10) + 3)?
-1
What is 6 + 8 + -12 + 3 - 8?
-3
Evaluate -1 - ((-17 - -23) + -2 - (0 - -10)).
5
What is 6 + (3 + -12 + 14 - 22)?
-11
What is the value of -1